{"id":1418,"date":"2019-06-24T13:04:48","date_gmt":"2019-06-24T10:04:48","guid":{"rendered":"http:\/\/www.miasimanainen.info\/blogi\/?page_id=1418"},"modified":"2023-02-10T12:50:14","modified_gmt":"2023-02-10T10:50:14","slug":"myllyteatteri-kolga","status":"publish","type":"page","link":"https:\/\/www.miasimanainen.info\/blogi\/myllyteatteri-kolga\/","title":{"rendered":"Myllyteatteri: Kolga"},"content":{"rendered":"\n<p>Myllyteatteri on vuonna 2003 perustettu, helsinkil\u00e4inen ammattiteatteriryhm\u00e4, johon kuuluu teatterin, sirkuksen, musiikin ja kuvataiteen ammattilaisia. Kolga-esitys pohjautuu <em>Tommi Parkon<\/em><strong> <\/strong>runoon.<br><br>Kolgan ty\u00f6ryhm\u00e4: n\u00e4yttelij\u00e4t Ulla Raitio ja Jaakko Kiljunen, sirkustaiteilijat Henna Kaikula ja Saku M\u00e4kel\u00e4, laulaja Sanna Kurki-Suonio, jazzlaulaja Mia Simanainen, \u00e4\u00e4nisuunnittelija Joonas Outakoski, valosuunnittelija Luca Sirvi\u00f6, ohjaaja Miira Sippola.<\/p>\n\n\n\n<iframe loading=\"lazy\" src=\"https:\/\/player.vimeo.com\/video\/220052848\" allow=\"autoplay; fullscreen\" allowfullscreen=\"\" width=\"640\" height=\"360\" frameborder=\"0\"><\/iframe>\n<p>Kolga voitti arvostetun Teresa Pomodoro -kilpailun Italiassa. Milanolaisen Spazio Teatro Nohman perustajan, esitystaiteilija Teresa Pomodoron mukaan nimetty Il Teatro Nudo -palkinto my\u00f6nnet\u00e4\u00e4n esitykselle, joka <em>\u201dpaljastaa ihmismielen alastomia merkityksi\u00e4 ja tutkii ihmisen luomaa ymp\u00e4rist\u00f6\u00e4 uteliaalla ja tinkim\u00e4tt\u00f6m\u00e4ll\u00e4 asenteella.\u201d<\/em><br><br>Kolgan ensimm\u00e4inen esitysperiodi toteutettiin lokakuussa 2016 Helsingiss\u00e4 (mukana tuolloin sopraano Niina Tamminiemi), teos sai hyv\u00e4n vastaanoton ja kiitt\u00e4v\u00e4t arvostelut. Esitys vieraili seuraavana vuonna Irlannissa ja Italiassa, sek\u00e4 Tanskassa v. 2018, jonka j\u00e4lkeen palkittu esitys n\u00e4htiin viel\u00e4 kerran Suomessa.<\/p>\n\n\n\n<hr class=\"wp-block-separator\"\/>\n\n\n\n<h5>Kolga by myllyteatteri<\/h5>\n\n\n\n<p>Kolga is a stage interpretation of a poem by contemporary Finnish poet, Tommi Parkko. The performance premiered in Helsinki in October 2016, and was well received by critics and audiences. In 2017 Kolga got invited to Ireland and Italy.&nbsp; <\/p>\n\n\n\n<p>The piece was awarded as the winner of Teresa Pomodoro in Teatro Nudo Prize, in Milan, Italy 2018. The Prize is given annually to a performance that \u201creveals naked meanings of the human mind and explores man-made materials with exceptional curiosity and uncompromising approach\u201d. Kolga was acclaimed by the jury as a performance that follows an unconscious logic, and that is created with high artistry and artistic cross-overs. <\/p>\n\n\n\n<p>The performance then continued touring in Denmark and returned to Helsinki along with the celebration of Myllyteatteri\u2019s 15th anniversary.<\/p>\n\n\n\n<p><\/p>\n","protected":false},"excerpt":{"rendered":"<p>Myllyteatteri on vuonna 2003 perustettu, helsinkil\u00e4inen ammattiteatteriryhm\u00e4, johon kuuluu teatterin, sirkuksen, musiikin ja kuvataiteen ammattilaisia. Kolga-esitys pohjautuu Tommi Parkon runoon. Kolgan ty\u00f6ryhm\u00e4: n\u00e4yttelij\u00e4t Ulla Raitio ja Jaakko Kiljunen, sirkustaiteilijat Henna Kaikula ja Saku M\u00e4kel\u00e4, laulaja Sanna Kurki-Suonio, jazzlaulaja Mia Simanainen, \u00e4\u00e4nisuunnittelija Joonas Outakoski, valosuunnittelija Luca Sirvi\u00f6, ohjaaja Miira Sippola. Kolga voitti arvostetun Teresa Pomodoro -kilpailun &hellip; <\/p>\n<p class=\"link-more\"><a href=\"https:\/\/www.miasimanainen.info\/blogi\/myllyteatteri-kolga\/\" class=\"more-link\">Continue reading<span class=\"screen-reader-text\"> &#8220;Myllyteatteri: Kolga&#8221;<\/span><\/a><\/p>\n","protected":false},"author":2,"featured_media":1497,"parent":0,"menu_order":0,"comment_status":"closed","ping_status":"closed","template":"","meta":[],"_links":{"self":[{"href":"https:\/\/www.miasimanainen.info\/blogi\/wp-json\/wp\/v2\/pages\/1418"}],"collection":[{"href":"https:\/\/www.miasimanainen.info\/blogi\/wp-json\/wp\/v2\/pages"}],"about":[{"href":"https:\/\/www.miasimanainen.info\/blogi\/wp-json\/wp\/v2\/types\/page"}],"author":[{"embeddable":true,"href":"https:\/\/www.miasimanainen.info\/blogi\/wp-json\/wp\/v2\/users\/2"}],"replies":[{"embeddable":true,"href":"https:\/\/www.miasimanainen.info\/blogi\/wp-json\/wp\/v2\/comments?post=1418"}],"version-history":[{"count":10,"href":"https:\/\/www.miasimanainen.info\/blogi\/wp-json\/wp\/v2\/pages\/1418\/revisions"}],"predecessor-version":[{"id":2481,"href":"https:\/\/www.miasimanainen.info\/blogi\/wp-json\/wp\/v2\/pages\/1418\/revisions\/2481"}],"wp:featuredmedia":[{"embeddable":true,"href":"https:\/\/www.miasimanainen.info\/blogi\/wp-json\/wp\/v2\/media\/1497"}],"wp:attachment":[{"href":"https:\/\/www.miasimanainen.info\/blogi\/wp-json\/wp\/v2\/media?parent=1418"}],"curies":[{"name":"wp","href":"https:\/\/api.w.org\/{rel}","templated":true}]}}