{"id":333,"date":"2012-05-23T10:05:51","date_gmt":"2012-05-23T07:05:51","guid":{"rendered":"http:\/\/www.miasimanainen.info\/blogi\/?page_id=333"},"modified":"2024-04-16T16:53:57","modified_gmt":"2024-04-16T13:53:57","slug":"soolo-aani","status":"publish","type":"page","link":"https:\/\/www.miasimanainen.info\/blogi\/soolo-aani\/","title":{"rendered":"Soolo"},"content":{"rendered":"\r\n<p class=\"has-background\" style=\"background-color: #cfe8ec;\"><span style=\"color: #333333;\"><em><span style=\"font-weight: 400;\">\u201dMinulle yksin laulaminen on t\u00e4ht\u00e4\u00e4mist\u00e4 m\u00e4\u00e4r\u00e4tt\u00f6m\u00e4n kaukaiseen maaliin, hiljaisuuden kuuntelemista &#8211; jonkin koskemattoman n\u00e4kemist\u00e4 ja p\u00e4\u00e4st\u00e4mist\u00e4 maailmaan. Siin\u00e4 kuulen oman \u00e4\u00e4neni.\u201d<\/span><\/em><\/span><\/p>\r\n\r\n\r\n\r\n<p><span style=\"font-weight: 400;\">Soolo-ohjelmaansa varten Mia Simanainen on s\u00e4velt\u00e4nyt musiikkia keskittyen paljolti Helvi Juvosen (1919-1959) runouteen, josta sittemmin muodostui albumi Soi Helvi Juvonen (v. 2020). H\u00e4n esiintyy yksin, sek\u00e4 silloin t\u00e4ll\u00f6in vieraiden kera, tai osana monitaiteellista kokonaisuutta<\/span> kuten viime kesin\u00e4 Turun saaristossa &#8216;Sida vid sida med havet&#8217;-esityksiss\u00e4.<\/p>\r\n\r\n\r\n\r\n<p class=\"has-text-color\" style=\"color: #dd0a1c;\"><span style=\"font-weight: 400; color: #6b073d;\"><em>\u201dMusiikki kuljetti ymp\u00e4ri maailmaa. Laulu maalasi meditatiivisen sielunmaiseman liikkuessaan tuokiosta, tunteesta ja tunnelmasta toiseen.\u201d<\/em> (Turun Sanomat 2017)<\/span><\/p>\r\n\r\n\r\n\r\n<p><span style=\"font-weight: 400;\">Simanaisen soololaulua on kuultu mm. W\u00e4in\u00f6 Aaltosen museossa, Helvi Juvosen 100 v. juhlatilaisuuksissa, Kampin kappelissa, kirkoissa ymp\u00e4ri Suomen, sek\u00e4 Irlannissa, Beniniss\u00e4 ja Espanjassa.<\/span><\/p>\r\n\r\n\r\n\r\n<div class=\"wp-block-image\">\r\n<figure class=\"alignleft\"><img decoding=\"async\" loading=\"lazy\" width=\"776\" height=\"1221\" class=\"wp-image-1754\" src=\"http:\/\/www.miasimanainen.info\/blogi\/wp-content\/uploads\/2019\/11\/Mia-Metsa\u0308purosali-9.11.-2019.jpg\" alt=\"\" \/>\r\n<figcaption>Helvi Juvosen 100 v. juhlatilaisuus Maunulan Mets\u00e4purosalissa 9.11. 2019. Kuva: Seija Ahonen-Siivola.<\/figcaption>\r\n<\/figure>\r\n<\/div>\r\n\r\n\r\n\r\n<h3>Mia Simanainen <span style=\"font-weight: 400;\">Solo<\/span><\/h3>\r\n\r\n\r\n\r\n<p><span style=\"font-weight: 400;\">Mia&#8217;s solo performance consists of her own compositions, improvisations and poems mainly by Helvi Juvonen (1919-59).<\/span><\/p>\r\n\r\n\r\n\r\n<p>She has performed in chapels, galleries and churches in Finland, Ireland, Spain and Benin &#8211; sometimes with a visitor or as part of a multi-arts performance, such as last summer in the Finnish archipelago: &#8216;Sida vid sida med havet&#8217;<span style=\"font-weight: 400;\">.<\/span><\/p>\r\n\r\n\r\n\r\n<figure class=\"wp-block-embed-soundcloud wp-block-embed is-type-rich is-provider-soundcloud wp-embed-aspect-4-3 wp-has-aspect-ratio\">\r\n<div class=\"wp-block-embed__wrapper\">https:\/\/soundcloud.com\/mia-simanainen\/sets\/mia-simanainen-soolo<\/div>\r\n<\/figure>\r\n","protected":false},"excerpt":{"rendered":"<p>\u201dMinulle yksin laulaminen on t\u00e4ht\u00e4\u00e4mist\u00e4 m\u00e4\u00e4r\u00e4tt\u00f6m\u00e4n kaukaiseen maaliin, hiljaisuuden kuuntelemista &#8211; jonkin koskemattoman n\u00e4kemist\u00e4 ja p\u00e4\u00e4st\u00e4mist\u00e4 maailmaan. Siin\u00e4 kuulen oman \u00e4\u00e4neni.\u201d Soolo-ohjelmaansa varten Mia Simanainen on s\u00e4velt\u00e4nyt musiikkia keskittyen paljolti Helvi Juvosen (1919-1959) runouteen, josta sittemmin muodostui albumi Soi Helvi Juvonen (v. 2020). H\u00e4n esiintyy yksin, sek\u00e4 silloin t\u00e4ll\u00f6in vieraiden kera, tai osana monitaiteellista kokonaisuutta &hellip; <\/p>\n<p class=\"link-more\"><a href=\"https:\/\/www.miasimanainen.info\/blogi\/soolo-aani\/\" class=\"more-link\">Continue reading<span class=\"screen-reader-text\"> &#8220;Soolo&#8221;<\/span><\/a><\/p>\n","protected":false},"author":1,"featured_media":1605,"parent":0,"menu_order":0,"comment_status":"closed","ping_status":"closed","template":"","meta":[],"_links":{"self":[{"href":"https:\/\/www.miasimanainen.info\/blogi\/wp-json\/wp\/v2\/pages\/333"}],"collection":[{"href":"https:\/\/www.miasimanainen.info\/blogi\/wp-json\/wp\/v2\/pages"}],"about":[{"href":"https:\/\/www.miasimanainen.info\/blogi\/wp-json\/wp\/v2\/types\/page"}],"author":[{"embeddable":true,"href":"https:\/\/www.miasimanainen.info\/blogi\/wp-json\/wp\/v2\/users\/1"}],"replies":[{"embeddable":true,"href":"https:\/\/www.miasimanainen.info\/blogi\/wp-json\/wp\/v2\/comments?post=333"}],"version-history":[{"count":43,"href":"https:\/\/www.miasimanainen.info\/blogi\/wp-json\/wp\/v2\/pages\/333\/revisions"}],"predecessor-version":[{"id":2581,"href":"https:\/\/www.miasimanainen.info\/blogi\/wp-json\/wp\/v2\/pages\/333\/revisions\/2581"}],"wp:featuredmedia":[{"embeddable":true,"href":"https:\/\/www.miasimanainen.info\/blogi\/wp-json\/wp\/v2\/media\/1605"}],"wp:attachment":[{"href":"https:\/\/www.miasimanainen.info\/blogi\/wp-json\/wp\/v2\/media?parent=333"}],"curies":[{"name":"wp","href":"https:\/\/api.w.org\/{rel}","templated":true}]}}